e prime factors of 1598244?
2, 3, 133187
What are the prime factors of 515995?
5, 31, 3329
List the prime factors of 29877.
3, 23, 433
What are the prime factors of 34041053?
59, 576967
List the prime factors of 398094.
2, 3, 43, 1543
List the prime factors of 455720.
2, 5, 11393
List the prime factors of 434245.
5, 7, 19, 653
What are the prime factors of 2060420?
2, 5, 71, 1451
What are the prime factors of 12477820?
2, 5, 419, 1489
What are the prime factors of 19284902?
2, 7, 13, 17, 23, 271
What are the prime factors of 66998?
2, 139, 241
List the prime factors of 364611.
3, 13, 9349
What are the prime factors of 3762827?
991, 3797
List the prime factors of 1566845.
5, 7, 89, 503
List the prime factors of 516858.
2, 3, 86143
List the prime factors of 1016724.
2, 3, 193, 439
What are the prime factors of 2675646?
2, 3, 49549
What are the prime factors of 37777?
37, 1021
List the prime factors of 1802645.
5, 13, 27733
What are the prime factors of 1331000?
2, 5, 11
What are the prime factors of 24274?
2, 53, 229
What are the prime factors of 4061597?
373, 10889
List the prime factors of 3786720.
2, 3, 5, 7, 23
List the prime factors of 1901717.
1901717
List the prime factors of 7560625.
5, 12097
List the prime factors of 1546649.
13, 118973
List the prime factors of 5457619.
67, 81457
List the prime factors of 575500.
2, 5, 1151
List the prime factors of 411651.
3, 53, 863
What are the prime factors of 1714014?
2, 3, 31741
List the prime factors of 1059976.
2, 37, 3581
What are the prime factors of 835958?
2, 17, 23, 1069
What are the prime factors of 18875?
5, 151
List the prime factors of 13189909.
17, 277, 2801
What are the prime factors of 1140779?
19, 60041
What are the prime factors of 47232?
2, 3, 41
What are the prime factors of 525997?
17, 30941
What are the prime factors of 1921556?
2, 7, 13, 5279
What are the prime factors of 1055444?
2, 13, 20297
What are the prime factors of 1970?
2, 5, 197
List the prime factors of 3908671.
13, 300667
What are the prime factors of 202257?
3, 11, 227
What are the prime factors of 472003?
7, 67429
List the prime factors of 13421737.
7, 273913
List the prime factors of 16623250.
2, 5, 7, 23, 59
What are the prime factors of 1935176?
2, 71, 3407
What are the prime factors of 6923832?
2, 3, 288493
What are the prime factors of 7946383?
353, 22511
List the prime factors of 366733.
366733
What are the prime factors of 7664406?
2, 3, 43, 61, 487
What are the prime factors of 5638333?
163, 34591
List the prime factors of 16621742.
2, 8310871
List the prime factors of 1391014.
2, 29, 827
What are the prime factors of 24335374?
2, 7, 53, 32797
List the prime factors of 3855888.
2, 3, 26777
What are the prime factors of 8154581?
23, 31, 11437
List the prime factors of 8675241.
3, 503, 5749
What are the prime factors of 1847319?
3, 615773
List the prime factors of 60636.
2, 3, 31, 163
List the prime factors of 227614.
2, 73, 1559
List the prime factors of 554042.
2, 277021
What are the prime factors of 13253497?
23, 307, 1877
List the prime factors of 412298.
2, 23, 8963
List the prime factors of 1125438.
2, 3, 187573
What are the prime factors of 4177245?
3, 5, 19, 14657
List the prime factors of 1097293.
1097293
What are the prime factors of 311415?
3, 5, 13, 1597
List the prime factors of 10306434.
2, 3, 1717739
What are the prime factors of 349431?
3, 269, 433
What are the prime factors of 559913?
559913
List the prime factors of 2163942.
2, 3, 11, 3643
What are the prime factors of 4232197?
4232197
List the prime factors of 273211.
47, 5813
List the prime factors of 913881.
3, 19, 16033
What are the prime factors of 1203562?
2, 157, 3833
List the prime factors of 341739.
3, 4219
List the prime factors of 616269.
3, 205423
List the prime factors of 22371874.
2, 7, 449, 3559
List the prime factors of 96864.
2, 3, 1009
What are the prime factors of 1657751?
107, 15493
List the prime factors of 4598071.
4598071
What are the prime factors of 43887?
3, 14629
List the prime factors of 433420.
2, 5, 13, 1667
List the prime factors of 186490.
2, 5, 17, 1097
What are the prime factors of 2751264?
2, 3, 41, 233
What are the prime factors of 6587700?
2, 3, 5, 7, 3137
List the prime factors of 10428135.
3, 5, 673, 1033
What are the prime factors of 1749787?
13, 281, 479
List the prime factors of 343068.
2, 3, 11, 23, 113
What are the prime factors of 101563?
7, 11, 1319
What are the prime factors of 16373241?
3, 89, 20441
What are the prime factors of 11087742?
2, 3, 1193, 1549
What are the prime factors of 2731947?
3, 389, 2341
List the prime factors of 1934633.
1934633
What are the prime factors of 9465970?
2, 5, 149, 6353
What are the prime factors of 210895?
5, 42179
What are the prime factors of 4671760?
2, 5, 23, 2539
List the prime factors of 32708363.
32708363
What are the prime factors of 1456930?
2, 5, 89, 1637
What are the prime factors of 755244?
2, 3, 7, 37
List the prime factors of 284734.
2, 19, 59, 127
List the prime factors of 35526.
2, 3, 31, 191
List the prime factors of 2287727.
13, 175979
What are the prime factors of 13703677?
13, 191, 5519
What are the prime factors of 147085?
5, 23, 1279
What are the prime factors of 439182?
2, 3, 2711
List the prime factors of 3255021.
3, 7, 11, 61
List the prime factors of 122559.
3, 40853
What are the prime factors of 726371?
726371
What are the prime factors of 41080?
2, 5, 13, 79
What are the prime factors of 10182328?
2, 13, 19, 5153
List the prime factors of 2165525.
5, 19, 47, 97
What are the prime factors of 145103?
7, 19, 1091
List the prime factors of 766051.
11, 13, 487
What are the prime factors of 10556493?
3, 29, 71, 1709
What are the prime factors of 80829?
3, 7, 1283
What are the prime factors of 3613997?
373, 9689
What are the prime factors of 13360239?
3, 109, 13619
List the prime factors of 16761094.
2, 7, 1197221
What are the prime factors of 73360?
2, 5, 7, 131
List the prime factors of 142524.
2, 3, 37, 107
What are the prime factors of 209626?
2, 281, 373
List the prime factors of 3008342.
2, 1504171
What are the prime factors of 2058443?
2058443
List the prime factors of 4505492.
2, 223, 5051
What are the prime factors of 85389?
3, 28463
What are the prime factors of 1995293?
1995293
What are the prime factors of 521784?
2, 3, 7247
List the prime factors of 467715.
3, 5, 31181
List the prime factors of 624890.
2, 5, 7, 79, 113
What are the prime factors of 1288313?
13, 113, 877
List the prime factors of 6754503.
3, 7, 45949
List the prime factors of 408748.
2, 17, 6011
List the prime factors of 341238.
2, 3, 56873
What are the prime factors of 2098777?
2098777
What are the prime factors of 4542514?
2, 2271257
What are the prime factors of 4342946?
2, 79, 27487
List the prime factors of 485355.
3, 5, 13, 19, 131
What are the prime factors of 3555874?
2, 7, 499, 509
List the prime factors of 241875.
3, 5, 43
What are the prime factors of 873900?
2, 3, 5, 971
List the prime factors of 647594.
2, 323797
List the prime factors of 1750674.
2, 3, 291779
What are the prime factors of 184488?
2, 3, 7687
What are the prime factors of 316509?
3, 105503
List the prime factors of 22094963.
11, 182603
List the prime factors of 622803.
3, 53, 3917
List the prime factors of 420147.
3, 7, 13, 19
What are the prime factors of 2931398?
2, 263, 5573
List the prime factors of 1877823.
3, 97, 239
What are the prime factors of 5374629?
3, 13, 71, 647
List the prime factors of 235958.
2, 117979
List the prime factors of 12389339.
37, 41, 8167
List the prime factors of 28210001.
28210001
List the prime factors of 12569762.
2, 1987, 3163
What are the prime factors of 170391?
3, 13, 17, 257
What are the prime factors of 1692611?
47, 36013
What are the prime factors of 11812256?
2, 369133
List the prime factors of 7222179.
3, 107, 149, 151
What are the prime factors of 1580858?
2, 790429
List the prime factors of 316433.
13, 101, 241
List the prime factors of 7393122.
2, 3, 11, 37339
List the prime factors of 769667.
313, 2459
What are the prime factors of 2331946?
2, 19, 109, 563
List the prime factors of 328680.
2, 3, 5, 11, 83
List the prime factors of 1618994.
2, 13, 73, 853
List the prime factors of 200104.
2, 25013
What are the prime factors of 1105